{"id":277,"date":"2023-12-13T08:19:59","date_gmt":"2023-12-13T08:19:59","guid":{"rendered":"http:\/\/wiefelstede-helau.de\/?page_id=277"},"modified":"2023-12-13T10:16:46","modified_gmt":"2023-12-13T10:16:46","slug":"aktuelles","status":"publish","type":"page","link":"http:\/\/wiefelstede-helau.de\/?page_id=277","title":{"rendered":"Aktuelles"},"content":{"rendered":"\n<p>Wir sagen Danke!<\/p>\n\n\n\n<p>Im Namen des gesamten Vereines m\u00f6chten wir uns herzlichst f\u00fcr die Spende von 1.500\u20ac bei der <a href=\"https:\/\/www.facebook.com\/NovaHueppe?__cft__[0]=AZVHugaAuLK9b06kGFSVsUTSeb53s_CQYN0kTWCf-772hTEB5iexCOLW2DjCQybOm14wOcZpeOZC30ROOTQRfVZ-keAxkrcois6gOEFIhSe-9VrxbycGS8V_17zZXJUOQM5OXsAeMwFWI8SlUNVJKg4cSbkD2G-YOZmF8R1gCgcrltZdnPg7KcSmgTKKyQk02BE&amp;__tn__=-]K-R\">Nova H\u00fcppe GmbH Sonnenschutzsysteme<\/a> bedanken!<\/p>\n\n\n\n<p>Von diesen Geldern k\u00f6nnen wir beispielsweise neue Uniformen f\u00fcr unsere Garden anschaffen oder tolle Programmpunkte f\u00fcr unsere kommenden Veranstaltungen finanzieren.<\/p>\n\n\n\n<p>Wir freuen uns auf eine sch\u00f6ne Jubil\u00e4umssession 2023\/2024!<\/p>\n","protected":false},"excerpt":{"rendered":"<p>Wir sagen Danke! Im Namen des gesamten Vereines m\u00f6chten wir uns herzlichst f\u00fcr die Spende von 1.500\u20ac bei der Nova H\u00fcppe GmbH Sonnenschutzsysteme bedanken! Von diesen Geldern k\u00f6nnen wir beispielsweise neue Uniformen f\u00fcr unsere Garden anschaffen oder tolle Programmpunkte f\u00fcr unsere kommenden Veranstaltungen finanzieren. Wir freuen uns auf eine sch\u00f6ne Jubil\u00e4umssession 2023\/2024!<\/p>\n","protected":false},"author":1,"featured_media":285,"parent":0,"menu_order":0,"comment_status":"closed","ping_status":"closed","template":"","meta":{"footnotes":""},"class_list":["post-277","page","type-page","status-publish","has-post-thumbnail","hentry"],"_links":{"self":[{"href":"http:\/\/wiefelstede-helau.de\/index.php?rest_route=\/wp\/v2\/pages\/277","targetHints":{"allow":["GET"]}}],"collection":[{"href":"http:\/\/wiefelstede-helau.de\/index.php?rest_route=\/wp\/v2\/pages"}],"about":[{"href":"http:\/\/wiefelstede-helau.de\/index.php?rest_route=\/wp\/v2\/types\/page"}],"author":[{"embeddable":true,"href":"http:\/\/wiefelstede-helau.de\/index.php?rest_route=\/wp\/v2\/users\/1"}],"replies":[{"embeddable":true,"href":"http:\/\/wiefelstede-helau.de\/index.php?rest_route=%2Fwp%2Fv2%2Fcomments&post=277"}],"version-history":[{"count":2,"href":"http:\/\/wiefelstede-helau.de\/index.php?rest_route=\/wp\/v2\/pages\/277\/revisions"}],"predecessor-version":[{"id":287,"href":"http:\/\/wiefelstede-helau.de\/index.php?rest_route=\/wp\/v2\/pages\/277\/revisions\/287"}],"wp:featuredmedia":[{"embeddable":true,"href":"http:\/\/wiefelstede-helau.de\/index.php?rest_route=\/wp\/v2\/media\/285"}],"wp:attachment":[{"href":"http:\/\/wiefelstede-helau.de\/index.php?rest_route=%2Fwp%2Fv2%2Fmedia&parent=277"}],"curies":[{"name":"wp","href":"https:\/\/api.w.org\/{rel}","templated":true}]}}